on factor of 354 and a.
177
Let i = -6167 - -7331. What is the greatest common factor of 8 and i?
4
Suppose 5*v - 3365 = -5*r, 69*v - 2686 = -4*r + 67*v. What is the greatest common factor of 2144 and r?
134
Let q = 1851 - 1780. Let f(x) = 3*x**2 + 16*x - 9. Let w be f(-14). Calculate the highest common factor of q and w.
71
Let y(p) = 86*p - 294. Let t be y(9). What is the greatest common factor of 15 and t?
15
Let i(n) = -5*n + 5. Let o be i(6). Let u = -65 + 46. Let x = u - o. Calculate the greatest common divisor of 54 and x.
6
Suppose 226*r - 144 = 225*r. Suppose -5*d = 4*a - 432, a = 2*d - 0*d + 108. Calculate the greatest common divisor of a and r.
36
Let j be -74*(-5 + 645/(-60) + 5/4). Calculate the highest common divisor of j and 37.
37
Let u be (38 + -73)/(0 - 1/8). Calculate the greatest common divisor of 504 and u.
56
Suppose 0 = 11*q - 13*q + 3*l + 20, 0 = -q - 2*l - 4. What is the greatest common divisor of q and 136?
4
Suppose -1872 = -21*b + 1068. What is the greatest common factor of 12 and b?
4
Suppose 5*x = -5*y + 795, -2*y + 6*x + 288 = 2*x. Let b = 290 - 234. Calculate the greatest common divisor of b and y.
14
Let z = -11 - -146. Suppose -3*a + 90 = 3*t, t + a + z = 5*t. What is the greatest common divisor of t and 132?
33
Let y be (-11)/(11/(-24)) - -1. Let g = y + -21. Let w be (-11)/(-2) - g/8. Calculate the greatest common divisor of 35 and w.
5
Let o = -6015 - -2948. Let g = -2182 - o. What is the highest common factor of 15 and g?
15
Let o(w) = -w**3 - 48*w**2 + 1020*w - 1124. Let j be o(15). Let y = 81 + 32. What is the highest common factor of y and j?
1
Suppose -72 = -r - 2*r. Suppose -140 = 23*b - r*b. Let l be -1 - (0 - 3)*19. What is the highest common divisor of l and b?
28
Let s(r) = 81*r + 2366. Let o be s(-11). Calculate the highest common factor of o and 75.
25
Suppose -m - r = -103, -3*m - 7*r + 315 = -2*r. Suppose 0 = -20*q - 18*q + 152. Let i be (-160)/(-30)*3/q*5. What is the greatest common factor of i and m?
20
Suppose 604*q - 35 = 603*q. What is the greatest common factor of 91 and q?
7
Let h(i) = -4*i - 12. Let x be h(-7). Suppose -2686 = -23*g + 6514. Calculate the greatest common divisor of g and x.
16
Let m be ((-72)/(-84))/((-1)/7). Let q be m - (-69)/92*(0 + 36). Calculate the highest common divisor of q and 1029.
21
Let h = 57 + -44. Let o(j) = j**2 - 5*j - 68. Let t be o(h). Let k be 91 - (-2)/(-2 + 0). What is the highest common divisor of k and t?
18
Let w be (-6)/(-9) + 164/6. Suppose -3*s + 10 = y, s + w = 2*y - 13. What is the greatest common factor of y and 114?
19
Suppose o - 11*o + 40 = 0. Suppose z = 2 + o. What is the highest common factor of 42 and z?
6
Suppose -j - 77 = -4*k, 536*j + 14 = k + 535*j. Calculate the greatest common factor of 17850 and k.
21
Let k(a) = 284*a + 4933. Let z be k(-17). Calculate the greatest common divisor of z and 78.
3
Let l(r) = -498*r - 2554. Let m be l(-29). Calculate the highest common divisor of 16 and m.
16
Let o be (1 - 9)*(-1 + -26). Suppose 749*j + 363 = 751*j + 5*t, t = -5*j + 942. Calculate the highest common factor of o and j.
27
Let y(k) = 1687*k + 72606. Let u be y(-43). Let l = 2 + 167. What is the greatest common divisor of l and u?
13
Suppose 9*s - 3*s = -12. Let n be (s - 1)*(-10)/(-15). Let a be ((-13)/39)/(n/6). Calculate the greatest common factor of 8 and a.
1
Suppose 12898 = 4*l + 5*v, 24*v - 22*v + 12 = 0. What is the greatest common factor of l and 101?
101
Let a be ((-12)/16)/(6/(-24)). Suppose 0 = 2*j - 5*w - 23 + 8, 26 = a*j - 4*w. What is the highest common divisor of 50 and j?
10
Let i(a) = a**3 - 34*a**2 + 47*a + 277. Let g be i(34). What is the greatest common divisor of g and 45?
15
Let k = -24 - -34. Suppose -124 = -k*i - 4. Calculate the greatest common factor of 114 and i.
6
Let j = 488 - -6712. Calculate the greatest common divisor of j and 16.
16
Let y be -1 - -1 - (32 - 22 - 14). Suppose -4*j = 2*g - 24, 0*g = 4*g - 4*j. Suppose 0 = g*t - 13 - 19. What is the greatest common divisor of t and y?
4
Let x(g) be the third derivative of -g**5/60 + g**4/24 + g**3 - 26*g**2. Let k be x(0). Let u = 19 + k. Calculate the greatest common divisor of u and 10.
5
Suppose 110857 = 24*b - 2*b - 192127. Calculate the greatest common divisor of b and 44.
44
Let x(r) = 2*r**2 - 62*r + 425. Let s be x(21). What is the greatest common divisor of 625 and s?
5
Let o be -17*24/(-21) - (-8)/14. Suppose -60 = -8*b + o. What is the greatest common divisor of b and 15?
5
Suppose -21 = 4*a - 133. Let q = -633 + 817. Let k be q/28 + (-4 - (-62)/14). What is the greatest common factor of k and a?
7
Suppose 11*q + 16*q = -749 + 10847. Calculate the highest common factor of q and 14025.
187
Let b = 14501 + -14253. Calculate the highest common factor of 837 and b.
31
Let z = -13 - -22. Let l(w) = -w**3 - 12*w**2 + 13*w + 12. Let v be l(-13). Let h be (24/18)/((-8)/v) - -5. Calculate the highest common divisor of h and z.
3
Let y = 15980 + -7007. What is the greatest common divisor of y and 9?
9
Let s = 2425 - 1426. What is the highest common divisor of 27 and s?
27
Let w = -371 + 536. Let d(a) be the second derivative of a**3/2 - 24*a**2 - 4*a. Let b be d(21). What is the highest common divisor of w and b?
15
Let m(i) = 4*i - 1. Let o(t) = -88*t - 4. Let b(y) = -5*m(y) - o(y). Let l be b(1). Calculate the greatest common factor of l and 693.
77
Suppose 0 = 3*c + 5*l - 521, 6*c - c + 2*l - 881 = 0. What is the greatest common factor of c and 7257?
177
Suppose 5*p - 5*d - 22928 = 21707, 26797 = 3*p + d. What is the greatest common factor of 26 and p?
13
Let n(b) = b**3 + 11*b**2 + 18*b + 11. Let t be n(-9). Suppose u + 4 = t. Calculate the highest common factor of u and 63.
7
Let m be (4 - 2/(-1))*2. Let f(c) = -242*c - 6514. Let k be f(-27). Calculate the highest common factor of m and k.
4
Suppose -24*a = 18*a - 3*a - 87204. Calculate the highest common divisor of 156 and a.
52
Suppose -203*s + 6857267 = 1377891. Calculate the highest common factor of 112 and s.
112
Suppose -156 = -5*p - 4*y, -2*p = 2*p - 5*y - 133. Let k = 1260 + -1228. Calculate the highest common divisor of k and p.
32
Let n(s) = -2*s**2 - 15*s + 12. Let o be n(-8). Suppose o*z - 3*h - 730 = 0, -11*z + 7*z - 2*h + 740 = 0. Calculate the greatest common divisor of z and 115.
23
Suppose 73*w - 1500 - 4354 = 45538. Let q be (22/55)/(1/55). What is the highest common factor of w and q?
22
Let c be 2/8 + (-3555125)/(-2380). What is the greatest common factor of 306 and c?
18
Suppose 0 = -4*w, -r + w - 33 + 0 = 0. Let i be (-2 - 72/(-33)) + (-753)/r. Suppose 27*f - i*f = 132. What is the highest common divisor of 165 and f?
33
Suppose s + 4*s = -4*c + 130, 5*c + 85 = 5*s. Suppose -s*o = -23*o - 1463. Let a be 2/(-6) - o/33. Calculate the greatest common factor of a and 11.
11
Let i be ((-8)/(-6))/((-14)/(-231)). Let f = i + -20. Let n be (-2)/1 - (-17 + 1). What is the highest common factor of n and f?
2
Suppose -15*a - 5 = -10*a. Let f be a/((-1386)/276 - -5). What is the greatest common divisor of f and 506?
46
Let p be (1/1)/((-31)/434). Let s(b) = -b - 3 + 2*b - 2*b. Let q be s(p). Calculate the highest common divisor of 121 and q.
11
Let q be -1*12 + 66 + -32. Calculate the greatest common factor of 3091 and q.
11
Suppose 3*h - 12 = -7*j + 4*j, 4*j - h = 1. Let y be (0 - 0 - j)*(-60 - -1). Calculate the highest common divisor of 649 and y.
59
Suppose -4*c - q + 60 = 0, 4*q + 17 = 12*c - 135. What is the highest common factor of 763 and c?
7
Let t(y) = -4*y - 88. Let u be (0 - -1*2)*561/(-34). Let z be t(u). What is the greatest common divisor of 33 and z?
11
Suppose 3*g - 10 = -4*o, 3 = 2*g - o - 22. Suppose 2*m + p = 16, -g = m - 5*p + 4. Calculate the highest common factor of m and 48.
6
Let p(t) = t**2 - 6*t + 4. Let d be p(6). Suppose -d*x = -0*x. Suppose x = j + 4*l + 6, -5 = -j + l - 1. What is the highest common divisor of 16 and j?
2
Let x be (20/(-8))/(33/6 - 5). Let z be 30/x - (-32 - -6). Calculate the greatest common divisor of 20 and z.
20
Suppose y - 2*a = 1239 + 1760, -5*y + 14960 = -3*a. Calculate the highest common factor of 245 and y.
49
Let b be 15/6*(-60)/(-25). Suppose -2*a - 32 - b = 0. Let l = 32 + a. Calculate the highest common divisor of l and 